 the prime factors of 6276?
2, 3, 523
List the prime factors of 29759.
29759
List the prime factors of 986.
2, 17, 29
What are the prime factors of 1143?
3, 127
List the prime factors of 658.
2, 7, 47
List the prime factors of 465.
3, 5, 31
List the prime factors of 706.
2, 353
What are the prime factors of 88905?
3, 5, 5927
List the prime factors of 920.
2, 5, 23
List the prime factors of 750.
2, 3, 5
List the prime factors of 1810.
2, 5, 181
What are the prime factors of 49471?
61, 811
What are the prime factors of 18387?
3, 227
What are the prime factors of 9956?
2, 19, 131
List the prime factors of 11495.
5, 11, 19
List the prime factors of 2566.
2, 1283
What are the prime factors of 3628?
2, 907
List the prime factors of 23943.
3, 23, 347
List the prime factors of 30574.
2, 15287
What are the prime factors of 5349?
3, 1783
List the prime factors of 1779.
3, 593
What are the prime factors of 1816?
2, 227
List the prime factors of 31483.
19, 1657
What are the prime factors of 3207?
3, 1069
List the prime factors of 4143.
3, 1381
List the prime factors of 335.
5, 67
What are the prime factors of 7246?
2, 3623
What are the prime factors of 1201?
1201
List the prime factors of 119605.
5, 19, 1259
What are the prime factors of 1679?
23, 73
List the prime factors of 167611.
167611
List the prime factors of 1281.
3, 7, 61
What are the prime factors of 692?
2, 173
List the prime factors of 65496.
2, 3, 2729
List the prime factors of 8417.
19, 443
What are the prime factors of 110830?
2, 5, 11083
List the prime factors of 704.
2, 11
What are the prime factors of 4015?
5, 11, 73
List the prime factors of 5161.
13, 397
List the prime factors of 1506.
2, 3, 251
List the prime factors of 12257.
7, 17, 103
List the prime factors of 1617.
3, 7, 11
What are the prime factors of 11893?
7, 1699
List the prime factors of 30729.
3, 10243
What are the prime factors of 10135?
5, 2027
List the prime factors of 18697.
7, 2671
List the prime factors of 15661.
15661
List the prime factors of 99658.
2, 13, 3833
List the prime factors of 139638.
2, 3, 17, 37
What are the prime factors of 84923?
163, 521
List the prime factors of 14448.
2, 3, 7, 43
List the prime factors of 95611.
23, 4157
List the prime factors of 1715.
5, 7
What are the prime factors of 900?
2, 3, 5
List the prime factors of 4433.
11, 13, 31
List the prime factors of 11553.
3, 3851
List the prime factors of 2642.
2, 1321
What are the prime factors of 18143?
18143
List the prime factors of 80863.
80863
What are the prime factors of 680?
2, 5, 17
What are the prime factors of 38006?
2, 31, 613
What are the prime factors of 20246?
2, 53, 191
List the prime factors of 4131.
3, 17
What are the prime factors of 2601?
3, 17
List the prime factors of 1166.
2, 11, 53
What are the prime factors of 57780?
2, 3, 5, 107
What are the prime factors of 22119?
3, 73, 101
List the prime factors of 18034.
2, 71, 127
List the prime factors of 401.
401
List the prime factors of 11220.
2, 3, 5, 11, 17
List the prime factors of 18572.
2, 4643
List the prime factors of 305.
5, 61
List the prime factors of 99841.
7, 17, 839
What are the prime factors of 12160?
2, 5, 19
What are the prime factors of 9301?
71, 131
List the prime factors of 37734.
2, 3, 19, 331
What are the prime factors of 14056?
2, 7, 251
What are the prime factors of 30693?
3, 13, 787
List the prime factors of 2135.
5, 7, 61
What are the prime factors of 1984?
2, 31
List the prime factors of 12566.
2, 61, 103
What are the prime factors of 212?
2, 53
List the prime factors of 2468.
2, 617
List the prime factors of 179.
179
List the prime factors of 627.
3, 11, 19
List the prime factors of 13805.
5, 11, 251
List the prime factors of 1347.
3, 449
What are the prime factors of 28135?
5, 17, 331
List the prime factors of 1142.
2, 571
What are the prime factors of 16387?
7, 2341
What are the prime factors of 28110?
2, 3, 5, 937
List the prime factors of 67.
67
What are the prime factors of 5174?
2, 13, 199
List the prime factors of 20580.
2, 3, 5, 7
What are the prime factors of 1543?
1543
What are the prime factors of 37279?
11, 3389
What are the prime factors of 1783?
1783
What are the prime factors of 12471?
3, 4157
What are the prime factors of 189107?
19, 37, 269
What are the prime factors of 3769?
3769
What are the prime factors of 7879?
7879
What are the prime factors of 13688?
2, 29, 59
What are the prime factors of 771?
3, 257
List the prime factors of 40607.
7, 5801
List the prime factors of 1919.
19, 101
List the prime factors of 90863.
90863
List the prime factors of 1701.
3, 7
List the prime factors of 6843.
3, 2281
What are the prime factors of 5454?
2, 3, 101
List the prime factors of 2371.
2371
List the prime factors of 400.
2, 5
List the prime factors of 101507.
7, 17, 853
What are the prime factors of 5592?
2, 3, 233
What are the prime factors of 2555?
5, 7, 73
What are the prime factors of 71755?
5, 113, 127
List the prime factors of 33346.
2, 16673
What are the prime factors of 182561?
182561
List the prime factors of 6117.
3, 2039
What are the prime factors of 30993?
3, 10331
List the prime factors of 5707.
13, 439
List the prime factors of 15832.
2, 1979
What are the prime factors of 9826?
2, 17
List the prime factors of 1679.
23, 73
List the prime factors of 2270.
2, 5, 227
What are the prime factors of 1725?
3, 5, 23
What are the prime factors of 497?
7, 71
What are the prime factors of 611?
13, 47
What are the prime factors of 9500?
2, 5, 19
What are the prime factors of 674?
2, 337
What are the prime factors of 2739?
3, 11, 83
What are the prime factors of 1824?
2, 3, 19
What are the prime factors of 2222?
2, 11, 101
What are the prime factors of 78736?
2, 7, 19, 37
What are the prime factors of 15597?
3, 1733
List the prime factors of 11696.
2, 17, 43
List the prime factors of 395.
5, 79
What are the prime factors of 4210?
2, 5, 421
List the prime factors of 2769.
3, 13, 71
What are the prime factors of 6404?
2, 1601
What are the prime factors of 1645?
5, 7, 47
List the prime factors of 59865.
3, 5, 13, 307
What are the prime factors of 2674?
2, 7, 191
List the prime factors of 31506.
2, 3, 59, 89
List the prime factors of 3234.
2, 3, 7, 11
List the prime factors of 128552.
2, 16069
What are the prime factors of 1863?
3, 23
What are the prime factors of 880?
2, 5, 11
List the prime factors of 88464.
2, 3, 19, 97
What are the prime factors of 15848?
2, 7, 283
What are the prime factors of 6045?
3, 5, 13, 31
List the prime factors of 13195.
5, 7, 13, 29
List the prime factors of 21879.
3, 11, 13, 17
List the prime factors of 4985.
5, 997
List the prime factors of 14388.
2, 3, 11, 109
What are the prime factors of 16761?
3, 37, 151
List the prime factors of 16006.
2, 53, 151
List the prime factors of 5868.
2, 3, 163
List the prime factors of 76354.
2, 38177
List the prime factors of 11843.
13, 911
List the prime factors of 3944.
2, 17, 29
List the prime factors of 86181.
3, 23, 1249
List the prime factors of 7813.
13, 601
List the prime factors of 2825.
5, 113
List the prime factors of 785.
5, 157
List the prime factors of 2533.
17, 149
List the prime factors of 22273.
22273
What are the prime factors of 700?
2, 5, 7
What are the prime factors of 5715?
3, 5, 127
What are the prime factors of 402?
2, 3, 67
What are the prime factors of 383?
383
List the prime factors of 73.
73
List the prime factors of 8421.
3, 7, 401
What are the prime factors of 47731?
59, 809
List the prime factors of 737.
11, 67
List the prime factors of 2336.
2, 73
List the prime factors of 9080.
2, 5, 227
List the prime factors of 513.
3, 19
List the prime factors of 74934.
2, 3, 23, 181
What are the prime factors of 8250?
2, 3, 5, 11
List the prime factors of 5347.
5347
What are the prime factors of 3290?
2, 5, 7, 47
What are the prime factors of 777?
3, 7, 37
List the prime factors of 2121.
3, 7, 101
What are the prime factors of 3247?
17, 191
What are the prime factors of 94563?
3, 7, 19, 79
What are the prime factors of 46?
2, 23
List the prime factors of 5224.
2, 653
List the prime factors of 5432.
2, 7, 97
List the prime factors of 127444.
2, 151, 211
List the prime factors of 15072.
2, 3, 157
List the prime factors of 722.
2, 19
List the prime factors of 3